847397 composite?
False
Is 5329199 composite?
False
Is 126287 a prime number?
False
Is 2506349 composite?
True
Is 5851249 composite?
False
Is 64036543 prime?
True
Is 1491391 a prime number?
False
Is 7278133 prime?
True
Is 24485549 a composite number?
True
Is 47331539 prime?
False
Is 431989 composite?
True
Is 3319541 a composite number?
False
Is 152714911 a composite number?
False
Is 4883231 prime?
True
Is 303239 a prime number?
False
Is 4571345 prime?
False
Is 4403473 a prime number?
True
Is 24483137 a composite number?
True
Is 242887 prime?
True
Is 8371483 a composite number?
True
Is 109627 a composite number?
True
Is 387103445 prime?
False
Is 6228778 prime?
False
Is 23876981 composite?
True
Is 167760445 a prime number?
False
Is 75479245 prime?
False
Is 4693609 prime?
True
Is 10422671 prime?
False
Is 1026959 a composite number?
True
Is 9707669 prime?
True
Is 19436713 composite?
False
Is 1323649 prime?
True
Is 250547 composite?
True
Is 28849441 prime?
True
Is 263338319 prime?
True
Is 2683727 composite?
False
Is 5993201 a composite number?
False
Is 4817795 composite?
True
Is 15621818 composite?
True
Is 504017005 composite?
True
Is 5957033 a composite number?
False
Is 64915919 composite?
True
Is 166086131 prime?
False
Is 24240437 prime?
False
Is 8514263 a prime number?
False
Is 4337609 a prime number?
True
Is 13094551 prime?
False
Is 2371807 a composite number?
True
Is 102146677 prime?
False
Is 21385243 composite?
True
Is 850691 composite?
False
Is 7475791 prime?
False
Is 3900383 a composite number?
True
Is 994474817 a composite number?
True
Is 9684757 prime?
False
Is 24875633 composite?
True
Is 552422177 composite?
False
Is 189593 a composite number?
False
Is 2508521 composite?
False
Is 19012937 prime?
False
Is 539207 composite?
False
Is 1547344405 a composite number?
True
Is 1777133 prime?
True
Is 14954921 prime?
True
Is 482539 prime?
True
Is 107971687 prime?
True
Is 4175378 prime?
False
Is 87350503 composite?
True
Is 3435391 a prime number?
True
Is 419141 prime?
True
Is 58507333 a composite number?
False
Is 13774118 prime?
False
Is 14481329 prime?
False
Is 734372357 a composite number?
True
Is 779557 composite?
True
Is 21635507 composite?
True
Is 382643 composite?
False
Is 1588477 a composite number?
True
Is 144132991 prime?
True
Is 160681327 a prime number?
False
Is 17823449 composite?
True
Is 215892718 a composite number?
True
Is 44435317 prime?
False
Is 3129911 a composite number?
False
Is 3516727 a composite number?
False
Is 9646903 a prime number?
False
Is 16964323 a composite number?
True
Is 232003 prime?
True
Is 7685113 a composite number?
True
Is 14625349 prime?
False
Is 18210923 a composite number?
True
Is 50259767 prime?
False
Is 7194259 prime?
False
Is 41216401 prime?
True
Is 82511551 prime?
True
Is 653297 composite?
True
Is 1390271 a prime number?
False
Is 207352427 a composite number?
False
Is 59501941 a prime number?
False
Is 21753179 a composite number?
True
Is 19984183 a composite number?
False
Is 98404931 a prime number?
False
Is 7240031 a prime number?
True
Is 11507791 a prime number?
True
Is 4598423 a composite number?
False
Is 9969689 prime?
True
Is 2015977 prime?
True
Is 608459 composite?
False
Is 28620343 prime?
True
Is 37242311 a composite number?
False
Is 7753399 composite?
True
Is 2726227 composite?
True
Is 14991083 a prime number?
True
Is 6328321 a prime number?
False
Is 276560387 prime?
True
Is 10646329 prime?
True
Is 97433831 prime?
False
Is 3418981 a prime number?
True
Is 56940673 prime?
True
Is 6265013 prime?
False
Is 38328443 prime?
True
Is 227693 prime?
True
Is 21971263 composite?
False
Is 8602151 composite?
False
Is 9400147 a prime number?
False
Is 6043831 prime?
True
Is 693140809 prime?
True
Is 80326349 a prime number?
False
Is 52488539 a composite number?
False
Is 15196543 composite?
False
Is 3537637 a composite number?
True
Is 7075423 a composite number?
False
Is 16235683 a prime number?
True
Is 221852137 a prime number?
False
Is 164134339 composite?
False
Is 11851999 a composite number?
True
Is 184441 composite?
False
Is 32666753 prime?
False
Is 1574477 a composite number?
True
Is 1979581 a prime number?
True
Is 6491831 composite?
True
Is 5265983 a composite number?
True
Is 11062943 prime?
False
Is 185038649 prime?
True
Is 22534259 prime?
False
Is 30425221 composite?
False
Is 5055707 a composite number?
False
Is 3326507 prime?
True
Is 5347483 a prime number?
True
Is 31384127 composite?
True
Is 3674401 prime?
False
Is 755539 composite?
False
Is 1807745 composite?
True
Is 57221069 a composite number?
False
Is 4253993 a prime number?
False
Is 520529 a prime number?
True
Is 106540517 composite?
False
Is 4563307 prime?
False
Is 310089583 composite?
False
Is 3568837 composite?
False
Is 429330949 a prime number?
False
Is 126867067 prime?
True
Is 63151505 a composite number?
True
Is 1371757 a prime number?
False
Is 1485849817 prime?
True
Is 5130667 composite?
True
Is 43353427 prime?
False
Is 199684613 a composite number?
True
Is 1485713 composite?
False
Is 26902474 composite?
True
Is 320225726 prime?
False
Is 92244809 prime?
False
Is 47581381 composite?
True
Is 7574173 composite?
False
Is 76474277 composite?
True
Is 12427889 a composite number?
True
Is 288759217 composite?
True
Is 92602799 prime?
True
Is 2954621 a composite number?
False
Is 30495427 prime?
True
Is 2769927 a composite number?
True
Is 836917 a prime number?
True
Is 1173343 prime?
True
Is 90259331 composite?
True
Is 13199107 a composite number?
True
Is 56403871 a prime number?
True
Is 27326861 prime?
False
Is 6731611 composite?
False
Is 21439543 composite?
True
Is 11090683 a composite number?
True
Is 67519609 composite?
False
Is 18318137 a prime number?
True
Is 733247 composite?
True
Is 215264134 a composite number?
True
Is 176849 composite?
False
Is 148458139 composite?
True
Is 206430101 a composite number?
True
Is 3124567 prime?
True
Is 1364887 prime?
False
Is 107462501 a composite number?
False
Is 18884227 a composite number?
False
Is 175597 prime?
False
Is 288391535 prime?
False
Is 27217943 composite?
True
Is 25319927 a composite number?
False
Is 84234877 a composite number?
False
Is 1264495 a composite number?
True
Is 653334967 prime?
True
Is 1893701 a composite number?
False
Is 1166314465 prime?
False
Is 27100523 composite?
False
Is 3658693 a prime number?
True
Is 17396429 a prime number?
False
Is 46713887 prime?
False
Is 243715799 prime?
False
Is 9537023 prime?
True
Is 22819127 a composite number?
False
Is 92188609 a composite number?
False
Is 39145043 a prime number?
False
Is 4395239 composite?
True
Is 3419821 a composite number?
False
Is 27129715 a composite number?
True
Is 98023153 prime?
False
Is 13230133 prime?
False
Is 419047 a prime number?
True
Is 8484757 composite?
False
Is 12354227 a prime number?
True
Is 4852783 a composite number?
True
Is 8016985 a composite number?
True
Is 100094459 a prime number?
False
Is 28933427 a composite number?
False
Is 18336647 a prime number?
False
Is 5549051 composite?
False
Is 18772387 composite?
True
Is 262132789 a prime number?
True
Is 128992279 composite?
True
Is 265957 a prime number?
True
Is 840794 a composite number?
True
Is 12312011 a prime number?
True
Is 2087161 prime?
True
Is 158525093 a composite number?
False
Is 208851673 a composite number?
False
Is 41244365 a prime number?
False
Is 24861461 composite?
False
Is 10035799 a prime number?
True
Is 104569 composite?
True
Is 1401769 prime?
False
Is 268463017 a prime number?
True
Is 14515841 a prime number?
False
Is 2753549 prime?
True
Is 1419913 prime?
False
Is 123240857 composite?
False
Is 43636839 composite?
True
Is 5155981 a composite number?
True
Is 1309021 a composite number?
True
Is 120137891 prime?
False
Is 157407539 prime?
False
Is 35690819 a prime number?
False
Is 20919254 composite?
True
Is 45062047 a composite number?
False
Is 124191389 a prime number?
False
Is 29434649 prime?
True
Is 11527783 composite?
True
Is 6825067 a prime number?
True
Is 120196253 a composite number?
False
Is 130003 a composite number?
False
Is 12980731 a prime number?
False
Is 3851749 a composite number?
True
Is 309283717 prime?
True
Is 29459179 a prime number?
False
Is 821999 prime?
True
Is 17506877 prime?
False
Is 7299651 a prime number?
False
Is 1272302